it of 1635661?
6
What is the thousands digit of 42392?
2
What is the hundred thousands digit of 8030986?
0
What is the hundreds digit of 1586724?
7
What is the thousands digit of 224188?
4
What is the ten thousands digit of 2876967?
7
What is the tens digit of 332511?
1
What is the units digit of 159772?
2
What is the tens digit of 1231283?
8
What is the ten thousands digit of 5803743?
0
What is the ten thousands digit of 160316?
6
What is the units digit of 26800798?
8
What is the tens digit of 3355368?
6
What is the ten thousands digit of 624867?
2
What is the hundred thousands digit of 1327782?
3
What is the ten thousands digit of 765073?
6
What is the tens digit of 8086?
8
What is the millions digit of 8482301?
8
What is the units digit of 4402789?
9
What is the tens digit of 1088102?
0
What is the ten thousands digit of 34347?
3
What is the units digit of 4200453?
3
What is the ten thousands digit of 421888?
2
What is the hundreds digit of 41640?
6
What is the units digit of 1385189?
9
What is the hundred thousands digit of 2871958?
8
What is the hundreds digit of 5403913?
9
What is the hundreds digit of 21595?
5
What is the hundreds digit of 584814?
8
What is the units digit of 226206?
6
What is the tens digit of 921555?
5
What is the thousands digit of 1928808?
8
What is the hundreds digit of 1924744?
7
What is the ten thousands digit of 14026153?
2
What is the units digit of 812578?
8
What is the hundreds digit of 8404937?
9
What is the ten thousands digit of 3569788?
6
What is the tens digit of 84485?
8
What is the units digit of 723353?
3
What is the units digit of 329628?
8
What is the hundred thousands digit of 111277?
1
What is the millions digit of 4877097?
4
What is the thousands digit of 2891363?
1
What is the hundreds digit of 5734581?
5
What is the hundred thousands digit of 13899520?
8
What is the hundreds digit of 4723778?
7
What is the tens digit of 150531?
3
What is the units digit of 73185?
5
What is the hundred thousands digit of 367578?
3
What is the thousands digit of 1738680?
8
What is the tens digit of 206016?
1
What is the units digit of 6807736?
6
What is the thousands digit of 707420?
7
What is the hundred thousands digit of 3689637?
6
What is the hundreds digit of 3455307?
3
What is the ten thousands digit of 15804691?
0
What is the thousands digit of 505353?
5
What is the tens digit of 318986?
8
What is the ten thousands digit of 57693?
5
What is the hundred thousands digit of 1888296?
8
What is the hundreds digit of 1259145?
1
What is the hundred thousands digit of 769436?
7
What is the tens digit of 261600?
0
What is the hundreds digit of 651718?
7
What is the hundreds digit of 1252?
2
What is the millions digit of 4742077?
4
What is the hundreds digit of 3129034?
0
What is the ten thousands digit of 313727?
1
What is the units digit of 445495?
5
What is the tens digit of 31065?
6
What is the ten thousands digit of 454344?
5
What is the hundreds digit of 1880209?
2
What is the hundred thousands digit of 165212?
1
What is the tens digit of 2701458?
5
What is the hundreds digit of 2254524?
5
What is the hundred thousands digit of 209584?
2
What is the thousands digit of 1776841?
6
What is the ten thousands digit of 463927?
6
What is the hundreds digit of 2202416?
4
What is the thousands digit of 149229?
9
What is the hundred thousands digit of 1353796?
3
What is the units digit of 3319246?
6
What is the tens digit of 13359972?
7
What is the ten thousands digit of 116571?
1
What is the hundreds digit of 151444?
4
What is the hundreds digit of 66087?
0
What is the ten thousands digit of 8696697?
9
What is the tens digit of 437108?
0
What is the millions digit of 12384474?
2
What is the ten thousands digit of 4505777?
0
What is the tens digit of 1810312?
1
What is the units digit of 7140326?
6
What is the ten thousands digit of 2241838?
4
What is the hundreds digit of 7836655?
6
What is the thousands digit of 19408234?
8
What is the hundred thousands digit of 4947887?
9
What is the hundred thousands digit of 1557564?
5
What is the millions digit of 1465051?
1
What is the units digit of 99217?
7
What is the thousands digit of 13088025?
8
What is the units digit of 156511?
1
What is the tens digit of 2264555?
5
What is the ten thousands digit of 100764?
0
What is the ten millions digit of 18920134?
1
What is the ten thousands digit of 4280593?
8
What is the units digit of 318083?
3
What is the millions digit of 5557408?
5
What is the hundreds digit of 2132297?
2
What is the units digit of 307250?
0
What is the thousands digit of 1373340?
3
What is the hundreds digit of 18203?
2
What is the hundred thousands digit of 393658?
3
What is the tens digit of 526225?
2
What is the ten thousands digit of 2954782?
5
What is the thousands digit of 289411?
9
What is the ten thousands digit of 182701?
8
What is the tens digit of 29962857?
5
What is the millions digit of 5973246?
5
What is the units digit of 36007?
7
What is the ten thousands digit of 648777?
4
What is the hundreds digit of 13821?
8
What is the millions digit of 6150014?
6
What is the units digit of 3580995?
5
What is the hundreds digit of 791122?
1
What is the units digit of 202707?
7
What is the millions digit of 2672996?
2
What is the tens digit of 231576?
7
What is the thousands digit of 630685?
0
What is the units digit of 409375?
5
What is the hundred thousands digit of 910354?
9
What is the ten thousands digit of 178809?
7
What is the hundred thousands digit of 668775?
6
What is the tens digit of 714051?
5
What is the ten thousands digit of 35476?
3
What is the units digit of 33158135?
5
What is the thousands digit of 237479?
7
What is the tens digit of 1316630?
3
What is the hundreds digit of 19284688?
6
What is the thousands digit of 245629?
5
What is the units digit of 5498878?
8
What is the hundreds digit of 2125168?
1
What is the ten thousands digit of 16216186?
1
What is the hundred thousands digit of 2222922?
2
What is the hundreds digit of 24387?
3
What is the hundred thousands digit of 1582956?
5
What is the millions digit of 5767667?
5
What is the thousands digit of 348430?
8
What is the units digit of 1474392?
2
What is the thousands digit of 3818241?
8
What is the hundred thousands digit of 624400?
6
What is the hundred thousands digit of 800276?
8
What is the thousands digit of 934301?
4
What is the hundreds digit of 1469033?
0
What is the tens digit of 1837906?
0
What is the units digit of 563064?
4
What is the thousands digit of 94922?
4
What is the thousands digit of 1855142?
5
What is the ten millions digit of 18487943?
1
What is the ten thousands digit of 776928?
7
What is the hundred thousands digit of 6418737?
4
What is the tens digit of 167117?
1
What is the hundred thousands digit of 196652?
1
What is the millions digit of 2121654?
2
What is the hundred thousands digit of 277182?
2
What is the hundred thousands digit of 264624?
2
What is the hundred thousands digit of 708341?
7
What is the thousands digit of 321414?
1
What is the millions digit of 1755206?
1
What is the tens digit of 455536?
3
What is the tens digit of 12520319?
1
What is the ten thousands digit of 11038263?
3
What is the units digit of 13692156?
6
What is the hundred thousands digit of 358818?
3
What is the thousands digit of 11798583?
8
What is the tens digit of 16696736?
3
What is the millions digit of 1162338?
1
What is the tens digit of 202594?
9
What is the hundred thousands digit of 3526919?
5
What is the hundred thousands digit of 256952?
2
What is the units digit of 13657241?
1
What is the hundred thousands digit of 3254988?
2
What is the ten thousands digit of 1292258?
9
What is the thousands digit of 5885797?
5
What is the hundred thousands digit of 10684800?
6
What is the ten thousands digit of 2139546?
3
What is the units digit of 287318?
8
What is the millions digit of 15938489?
5
What is the ten thousands digit of 150886?
5
What is the thousands digit of 408464?
8
What is the hundreds digit of 2547173?
1
What is the tens digit of 214853?
5
What is the ten thousands digit of 247884?
4
What is the millions digit of 1001618?
1
What is the units digit of 3085281?
1
What is the hundred thousands digit of 1676162?
6
What is the ten thousands digit of 200